*a**3 - 12*a**2 - 3*a. Let y(h) = -5*h**3 + 6*h**2 + 2*h. Let k(f) = -6*l(f) - 11*y(f). What is k(-7)?
-21
Let v(i) = i**2 + 11*i - 11. Suppose 28 = -2*n - b, 5*n - n + 3*b = -60. Let q be v(n). Let u(s) = 3 + 1 - 5*s - q + 6*s. Calculate u(0).
3
Let p(k) be the first derivative of -k**3/3 - 3*k**2/2 + 6*k + 3. Let y(x) = -x - 11. Let f be y(-6). What is p(f)?
-4
Let n be 2/6*1*18. Let m(b) = n + b**2 + b**2 - b**3 - 2*b**2 - b**2 + b. Calculate m(0).
6
Let q(z) = z**3 - 9*z**2 + 2*z - 12. Let o be q(9). Let p(f) be the first derivative of -f**4/4 + 7*f**3/3 - 9*f**2/2 + 8*f - 7. What is p(o)?
-10
Suppose -y - 5*v = 15, 4*v = -5*y - 44 + 11. Let l(j) = -j - 3. Let a be l(y). Let t(b) = -b**3 + b**2 - 1. What is t(a)?
-5
Let z(u) = 2*u**3 - u**2 - 4*u. Let o(w) = -w**3 - w**2 - w. Let f(q) = 3*o(q) - z(q). Calculate f(1).
-6
Suppose -9 = 4*w - 3*w. Let t = w + 10. Let a(z) be the third derivative of z**4/6 - z**3/6 + z**2. Calculate a(t).
3
Let g(m) = m**2 - 8*m + 9. Suppose -2*a = -3*a + 1. Let s = a - -5. Determine g(s).
-3
Let z be (-3 - -5)/((-2)/(-5)). Suppose 0 = -4*y + 7 + z. Let h(u) = u**3 - 2*u**2 - 2*u + 1. Determine h(y).
4
Let t(c) = -18*c**3 + 9*c**2 + 9*c - 9. Let r(i) = 9*i**3 - 4*i**2 - 4*i + 4. Let o(j) = 9*r(j) + 4*t(j). Calculate o(-1).
-9
Let a(w) be the third derivative of w**4/24 - 2*w**3/3 - 5*w**2. Calculate a(4).
0
Let o = 11 - 18. Let f = o + 13. Suppose -r = r + f. Let h(g) = -g**2 - 2*g - 2. Determine h(r).
-5
Let g(x) = 4 + 1 - 2*x + 1. Calculate g(6).
-6
Let y(t) = t + 35 - 92 + 38 + 30. What is y(0)?
11
Let q(t) be the second derivative of -5/2*t**2 + 2*t - 1/20*t**5 - 1/6*t**3 + 0 - 1/2*t**4. Calculate q(-6).
1
Suppose 0 = 4*z + 3*o + 23, 0*z - 3*z + 3*o = -9. Let f(s) be the third derivative of s**4/8 + s**2. Give f(z).
-6
Suppose -11 = 2*b - 3, 0 = 2*s + 3*b + 26. Let f(g) = -2*g - 9. What is f(s)?
5
Let y(h) be the second derivative of -h**5/20 + 7*h**4/12 - h**3/2 + 9*h**2/2 + 39*h - 1. Calculate y(7).
-12
Let y(f) = -5*f**2 - f. Let v(k) be the first derivative of -k**3/3 - 3*k**2 - 4*k - 3. Let q be v(-5). Give y(q).
-6
Let d(x) = -x**3 + 8*x**2 - 8*x + 9. Let w be d(7). Let f(r) = r**3 - w*r**2 + 0*r**3 - 3*r + 2 + r**2 + 0*r**2. Calculate f(2).
0
Let o(m) be the first derivative of -m**2/2 + 2*m + 18. Give o(5).
-3
Let d be 6/(-39) - (-96)/(-52). Let q(g) be the first derivative of 1 + g + 1/2*g**2. What is q(d)?
-1
Let j(i) = -4*i + 6*i - 2*i + i + 2. Let s be j(2). Let f(v) = 1 + s*v + 0*v + 2*v**2 + 3. Determine f(-3).
10
Let r be 6 - 1/(2 + -1). Suppose -2*g + 3*v = r, -2*g + 2*v = 6*v - 2. Let i(a) = 0 + 0 + 4*a**2 + 1 + 6*a**2. Give i(g).
11
Let f be (1 - 0)*(0 - -4). Suppose -3*v + 17 = 4*q - 6*q, 5*q + 8 = -f*v. Let p(z) = z - 6*z**v - 3*z**2 + 0*z**2 + z**2. Determine p(1).
-7
Let b(l) = 2*l - 15 - 14 - 18 + 52. Suppose 3*u = -0*t - 2*t - 21, -u - 11 = 2*t. Let q = u - 0. Calculate b(q).
-5
Let a = -15 - -21. Suppose 0 = -6*g + 3*g + a. Let l(u) = 4*u**2 - u**3 + g*u - 3*u - 3*u**2. Calculate l(2).
-6
Let l(w) be the second derivative of -w**4/12 + w**3 + 3*w**2 + w. Let k be l(7). Let i(c) = 2 + 0*c - 3 + 5*c. Give i(k).
-6
Let w(k) = k**3 - 5*k**2 - 6*k + 4. Suppose -n + 3 = -6. Suppose 0 = -3*f + n + 9. What is w(f)?
4
Suppose 4*w + 0*w - 8 = 0. Let c be -3*(2 - (-21)/(-9)). Let u(r) = 2 + 2*r + c - 4. Calculate u(w).
3
Let x(y) = -y. Suppose -3*t = -12, 3*t - 34 + 10 = -4*r. Suppose 5*l - 98 = 2*n, -n - r*n = -2*l + 52. Let u be (-22)/6 - (-12)/l. Determine x(u).
3
Let l(u) = -u**3 + 5*u**2 + 2*u - 3. Let b be 9/6*(-6)/9. Let j be 15/9*(-3)/b. Determine l(j).
7
Let p(u) = -9*u**2 + 1. Suppose -19 = -a + 2*a + 4*s, -2*s = -2*a + 12. Calculate p(a).
-8
Let b = -5 - -2. Let t(x) = -4*x - 6. Let f(g) = 1. Let n(m) = -5*f(m) - t(m). Give n(b).
-11
Let c(r) = 8*r**3 - r**2 - r + 1. Let a = 9 - 6. Suppose 3*m + 2*s - 4 = a, 0 = m + 2*s - 5. Give c(m).
7
Let f be 2/((-5)/(35/2)). Let g = f + 4. Let r(o) = -2 + 2 + o. Determine r(g).
-3
Let m(z) be the third derivative of z**4/24 + z**3/3 + z**2. Suppose 0 = -5*g + 7*g + 6. What is m(g)?
-1
Let y(z) = -z**3 - z**2 + 2*z + 1. Suppose -2*b + 1 = 3*a, 3*a = b - 4*b - 3. Let l(o) = o**3 + 4*o**2 + 2*o + 5. Let p be l(b). Determine y(p).
13
Let i = -6 + 7. Let h be (3/6)/(i/2). Let x(q) be the third derivative of -q**6/120 + q**5/60 + q**3/6 - 2*q**2. Calculate x(h).
1
Let d(v) be the second derivative of -v**4/12 + v**3/6 + 5*v**2/2 + v. Suppose 5*c + 2*p - 15 = 0, -5*p = -7 - 18. Let l = c + -1. What is d(l)?
5
Let g(f) be the third derivative of -f**4/24 + f**3/3 + 9*f**2. Calculate g(-4).
6
Suppose 5*p + 29 = 4*z, -3*z + 3*p + 25 = 7. Let n(d) = -3*d + 1. Give n(z).
-2
Let r(i) = -i + 2. Let s be r(9). Let p = s + 12. Let x(j) = -j**3 + 5*j**2 - 3*j + 3. What is x(p)?
-12
Let v(g) = g + 2. Let k(j) = -j**2 + 12*j - 15. Let f be k(11). What is v(f)?
-2
Let w(z) = -z**2 - 3*z. Let t be 3 + -3 + -1 + 4. Let j = 0 - t. Give w(j).
0
Suppose -2*r - 5*r = -4*r. Let j(p) = -p**2 + p - 4. Give j(r).
-4
Let v(z) = 4*z**2 + z - 7. Let x(j) = -j**2 + j + 1. Let y(d) = -v(d) - 5*x(d). Determine y(6).
2
Let n = -80 + 91. Let u(l) = -l + 13. What is u(n)?
2
Let n(y) = -7*y - 3. Let c(p) = -8*p - 2. Let g(h) = 4*c(h) - 5*n(h). Suppose 64*u - 68*u - 20 = 0. Give g(u).
-8
Let l = 12 + -31/3. Let j(b) be the first derivative of -l*b**3 + 4 + b**2 - b. Give j(1).
-4
Suppose 6*l - l - 35 = 0. Let d(t) = t - 2. Let n be d(l). Let o(b) = -b**2 + 3*b + 7. What is o(n)?
-3
Let a(z) = z**2 + 4*z - 7. Let s be a(-3). Let d(c) = c**2 + 8*c - 11. Calculate d(s).
9
Let m(s) be the second derivative of -s**5/10 - s**4/6 + s**3/6 - s**2 + s. Suppose -x - 2 = -0. Give m(x).
4
Let t be (-2)/(-10) - 96/(-20). Let d be 1/4 + (-14)/(-8). Suppose d*z - 5 = t. Let q(k) = -k**2 + 6*k - 7. Determine q(z).
-2
Let d(b) = -2*b - 7. Let o(t) = 5 + t - 3 + 4. Suppose 2*f = 3*r - 10, -4*r + f = -0*f - 10. Let p(q) = r*d(q) + 3*o(q). Calculate p(0).
4
Let r(w) = -2*w**2 + 13*w - 16. Let p(k) = -k**2 + k. Let n(b) = 3*p(b) - r(b). Let h be n(-11). Let s(j) = j**3 - 5*j**2 + 6. Calculate s(h).
6
Let j be -2 - (-22 - (2 + 0)). Suppose -2*b + 3*l = 3*b - 14, j = 5*b + l. Let c(i) = 2*i**2 - 7*i + 4. Give c(b).
8
Let i(r) = r**2 + 2*r - 1. Let b = -1 + 27. Suppose -4*k = 3 - 23, 3*d + 4*k = b. Give i(d).
7
Let q(t) = -t**2 + 3*t - 4. Let j = 18 - 22. Let r = 8 + j. Give q(r).
-8
Suppose -3*h + 15 = -m, 0 = 5*m - 10*m + 4*h - 20. Let d(t) be the third derivative of 0*t - 4/3*t**3 - 1/24*t**4 + 2*t**2 + m. Give d(-4).
-4
Let q(y) = -y**2 - 2*y + 4. Let n be q(-4). Let s(c) = 5*c + 2 + 4*c + 4*c - 10*c. Give s(n).
-10
Let a(d) be the third derivative of -d**5/30 + d**4/6 - 5*d**2. Let y be (-1 - (-1)/(-2))*-2. Calculate a(y).
-6
Let l(h) = -10*h**3 - 4*h**2 + h - 3. Let r(k) = 29*k**3 + 11*k**2 - 3*k + 8. Let x(u) = -8*l(u) - 3*r(u). Calculate x(1).
-7
Let p(t) = 3*t - 3. Let x be p(-3). Let z be 2*1*(-18)/x. Let g(k) = -k**2 + 4*k + 1. Give g(z).
4
Suppose 5*k - 27 = -2*z, -k - 2*z + 8 = z. Suppose 3*a = 4*a - s - 7, k = -a - 5*s. Let y(t) = t**3 - 5*t**2 - 2*t + 7. Give y(a).
-3
Let a(f) be the first derivative of -f**2 + f - 39. What is a(3)?
-5
Let q(g) = g**2 - g + 10. Let s = -3 + 6. Let w = 8 - s. Suppose 3 = -w*m - 2, -4*m = 4*p + 4. Calculate q(p).
10
Suppose 0*r - 2 = -r. Let s(o) = -2*o - o - r*o + 4*o. Determine s(-5).
5
Let l(u) = -u**3 - 5*u**2 - 3*u + 2. Suppose 2*t + 0 + 2 = -3*r, 4*t - 24 = r. What is l(r)?
-2
Let f(c) = c**3 - 6*c**2 + 5*c + 3. Let r = -18 - 0. Let u = -13 - r. What is f(u)?
3
Let a(b) = 1 - 4 + 3*b + 2 - 1. Let o be 12/(-5) - 2/(-5). Determine a(o).
-8
Let p(c) = c**3 - 4*c**2 + 4*c + 1. Let b be p(3). Suppose 5*a + b = 19. Let m(d) = -d**3 + 3*d**2 - 3*d. Give m(a).
-9
Suppose 0 = -k - k - z + 18, -38 = -3*k + 4*z. Let n(r) = k*r + r**2 + 4 - 11*r + 1. Let g = -2 + 2. Give n(g).
5
Let d(b) = b**2 + b + 1. Let t be d(-1). Let a(r) = -r**2 - 3*r + 2*r - t + 0*r. Give a(-2).
-3
Let r(l) be the third derivative of -l**5/60 - l**4/8 - l**3/2 + 5*l**2. Calculate r(-4).
-7
Suppose h + 2*h = 15. Let t be 6/39 - 37/(-13). Let u(b) = -t - 3*b - 4 + 0 + 5*b. Give u(h).
3
Let n(s) = s**3 - 6*s**2 + 6*s - 1. Suppose -3*l + 4*l = 5. Give n(l).
4
Let u(v) = v**2 + 12*v + 9. Let i